e f(26).
155
Let v(w) = 22*w - 282. Determine v(29).
356
Let f(z) = 399*z - 27773. What is f(66)?
-1439
Let v(a) = -a**3 + 58*a**2 - 868*a + 1003. Calculate v(31).
42
Let d(k) = -104628*k + 1150903. Give d(11).
-5
Let i(n) = 24*n**3 - 385*n**2 + 44*n - 462. Calculate i(16).
-14
Let g(o) = -514*o - 33324. What is g(-64)?
-428
Let w(a) = -13127*a - 78754. Calculate w(-6).
8
Let f(p) = -p**2 - 106*p + 5547. What is f(-147)?
-480
Let o(t) = 5*t**2 - 257*t - 45411. What is o(-73)?
-5
Let p(s) = 6*s**3 + 362*s**2 + 2098*s + 2. Determine p(-6).
-850
Let b(t) = -2*t**2 + 16*t + 1193. Determine b(27).
167
Let y(z) = -z**2 - 431*z + 29340. Determine y(60).
-120
Let h(j) = 6901*j - 28883. Calculate h(5).
5622
Let f(v) = v**3 + 12*v**2 - 24*v - 267. Calculate f(-5).
28
Let w(k) = -152*k**3 + 453*k**2 - 35*k + 108. What is w(3)?
-24
Let a(n) = 2*n**2 + 12854*n - 248. Give a(0).
-248
Let v(d) = -868*d - 136. Determine v(-2).
1600
Let w(q) = 34307*q - 205840. What is w(6)?
2
Let d(w) = -4*w**3 - 452*w**2 + 98*w + 11074. Give d(-113).
0
Let u(n) = -n**2 + 42*n + 978. What is u(53)?
395
Let f(z) = -4*z**3 + 1042*z**2 - 3592*z - 1546. Determine f(257).
-4
Let x(z) = -z**3 - 79*z**2 - 658*z - 45184. What is x(-78)?
56
Let u(m) = -89*m**2 + 453*m + 303. Determine u(7).
-887
Let y(p) = 200554*p + 7420501. Determine y(-37).
3
Let c(a) = 766*a + 54404. Calculate c(-71).
18
Let o(r) = -14*r**2 - 743*r + 8. Calculate o(-53).
61
Let g(c) = 4*c**2 + 251*c + 948. What is g(-59)?
63
Let b(m) = -m**2 - 658*m + 13017. What is b(19)?
154
Let c(t) = -39605*t - 6772400. Determine c(-171).
55
Let k(z) = z**3 - 211*z**2 - 843*z - 4158. Determine k(215).
-503
Let u(v) = -3*v**3 - 250*v**2 - 60*v + 1746. What is u(-83)?
-163
Let m(t) = -3120*t - 733238. Give m(-235).
-38
Let c(j) = -4*j**2 - 399*j - 672. What is c(-98)?
14
Let s(d) = 19488*d + 2786768. Calculate s(-143).
-16
Let b(m) = -101478*m - 3653200. Give b(-36).
8
Let r(x) = x**2 + 36671*x - 440364. What is r(12)?
-168
Let a(p) = -p**3 - 22*p**2 + 546*p + 11721. What is a(-24)?
-231
Let a(m) = -3*m**3 - 14*m**2 - 2484*m - 12416. What is a(-5)?
29
Let t(i) = -160*i**3 - 192*i + 191. Determine t(1).
-161
Let k(i) = -104*i - 3430. Calculate k(-59).
2706
Let k(i) = 4*i**2 - 1969*i + 34160. Give k(18).
14
Let l(f) = -2*f**3 + 188*f**2 - 1205*f - 1130. What is l(87)?
1
Let l(r) = -7752*r - 39044. Determine l(-5).
-284
Let p(q) = -49*q**2 - 12797*q + 10753. Calculate p(-262).
11
Let r(f) = 382*f - 12469. Give r(32).
-245
Let b(u) = -u**3 + 6*u**2 - 5254*u + 42109. Give b(8).
-51
Let p(k) = k**3 - 20*k**2 - 224*k - 322. What is p(28)?
-322
Let r(p) = 23877*p - 71672. Give r(3).
-41
Let c(z) = 51717*z - 3878781. What is c(75)?
-6
Let g(w) = 6*w**3 - 162*w**2 - 12*w + 15. Calculate g(27).
-309
Let y(r) = -r**3 + 13*r**2 - 120*r + 380. Calculate y(5).
-20
Let h(f) = -f**3 + 309*f**2 - 14917*f - 1378. Determine h(60).
2
Let j(u) = 2*u**2 - 1699*u - 15386. Give j(-9).
67
Let d(a) = -a**3 + 13935*a**2 + 55755*a - 9. Determine d(-4).
-5
Let r(h) = -h**3 + 49*h**2 - 934*h + 42644. Give r(48).
116
Let x(r) = -r**3 - 18*r**2 - 35*r - 142. What is x(-16)?
-94
Let d(c) = -55441*c - 498749. What is d(-9)?
220
Let l(p) = p**2 - 799*p - 18687. Calculate l(-23).
219
Let q(t) = -t**2 + 24290*t - 97145. Give q(4).
-1
Let z(t) = -10*t - 3261. What is z(-14)?
-3121
Let u(b) = b**3 + 26*b**2 - 124*b + 292. What is u(-30)?
412
Let s(b) = -7142*b - 549864. Give s(-77).
70
Let a(u) = -5*u**3 - 104*u**2 + 230*u - 85. Determine a(-23).
444
Let k(w) = 8*w**2 - 77*w + 284. Calculate k(16).
1100
Let l(c) = -c**2 - 12*c - 191. Give l(-19).
-324
Let r(v) = -12*v**3 - 19*v**2 + 6406*v + 32089. What is r(-5)?
1084
Let a(i) = -i**2 - 2180*i - 34647. Give a(-16).
-23
Let v(s) = 6709*s + 26795. What is v(-4)?
-41
Let x(z) = z**2 - 4784*z + 274105. Calculate x(58).
-3
Let p(w) = 4813*w + 47678. Determine p(-10).
-452
Let c(t) = -9*t**3 + 21*t**2 - 68*t + 28. Determine c(4).
-484
Let i(g) = 75*g + 816. What is i(-9)?
141
Let f(r) = r**3 + 24*r**2 - 598*r - 13862. Determine f(-21).
19
Let d(q) = -6*q**3 - 91*q**2 + 325*q + 12. Calculate d(3).
6
Let k(f) = -4294*f - 17154. Give k(-4).
22
Let s(v) = 4*v**3 + 332*v**2 - 32*v - 2646. Determine s(-83).
10
Let z(v) = -2041*v - 620406. Give z(-304).
58
Let i(x) = -257*x**2 + 6449*x + 6453. What is i(-1)?
-253
Let c(i) = 2265*i - 5148. Give c(1).
-2883
Let o(u) = 3*u**3 - 72*u**2 + 3*u - 12. Give o(24).
60
Let x(f) = -6786*f + 39. Determine x(0).
39
Let n(s) = -8*s**3 - 208*s**2 - 37*s - 1006. What is n(-26)?
-44
Let l(f) = -3128*f + 87530. What is l(28)?
-54
Let a(n) = -n**3 - 76*n**2 - 39*n - 2902. What is a(-76)?
62
Let t(v) = -1184*v**2 + 112466*v + 1314. Determine t(95).
-16
Let f(b) = -176*b - 1593. Calculate f(-17).
1399
Let v(s) = 76651*s - 459914. Calculate v(6).
-8
Let f(x) = 43447*x + 14163726. Determine f(-326).
4
Let c(t) = -t**3 + 6*t**2 + 837*t + 4620. Give c(-6).
30
Let s(d) = -2*d**2 + 124*d + 2908. Determine s(81).
-170
Let z(k) = -2*k**2 - 77846*k + 77845. Determine z(1).
-3
Let f(i) = 3*i**3 + 62*i**2 - 114*i + 103. Determine f(-22).
675
Let j(g) = 83*g - 27159. Calculate j(327).
-18
Let d(h) = -2*h**3 + 36*h**2 - 183*h + 2575. Determine d(16).
671
Let k(m) = -2*m**3 - 32*m**2 + 16*m + 16. What is k(-16)?
-240
Let y(m) = -3*m**3 + 88*m**2 - 392*m + 183. Determine y(24).
-9
Let z(w) = 10*w**2 - 747*w + 10584. Calculate z(19).
1
Let k(t) = 2*t**3 + 40*t**2 + 154*t + 741. Calculate k(-17).
-143
Let s(o) = -9*o**2 + 1364*o - 50545. Determine s(87).
2
Let l(q) = q**3 - 375*q**2 + 2222*q - 14. Determine l(6).
34
Let q(c) = -89215*c - 4371538. Calculate q(-49).
-3
Let p(n) = -68405*n + 342049. Give p(5).
24
Let m(u) = u**2 + 189*u + 3271. What is m(-19)?
41
Let q(t) = 48*t**2 - 16*t - 39. What is q(6)?
1593
Let k(v) = 59*v**2 + 22362*v + 22692. What is k(-378)?
12
Let f(k) = -3605*k - 86500. What is f(-24)?
20
Let a(o) = 80*o**2 - 3263*o + 2. Determine a(42).
4076
Let g(q) = 11*q**3 - 6*q**2 + 52*q + 195. Calculate g(-3).
-312
Let z(j) = 128*j + 731. What is z(-24)?
-2341
Let n(r) = -9448*r**2 + 56687*r + 9. Calculate n(6).
3
Let k(x) = x**3 + 44*x**2 + 5381*x + 259525. What is k(-47)?
-9
Let t(n) = -n**2 + 198*n - 9291. What is t(124)?
-115
Let q(y) = y**3 - 33*y**2 + 235*y + 184. Give q(22).
30
Let h(m) = m**3 - 15*m**2 + 5358*m - 91630. Give h(17).
34
Let m(r) = 2*r**3 - 473*r**2 - 207*r - 6089. What is m(237)?
1021
Let b(a) = -2*a**3 + 33*a**2 - 66*a + 309. Calculate b(15).
-6
Let w(g) = -446*g + 148103. Calculate w(332).
31
Let h(n) = -n**3 + 38*n**2 - 188*n + 74. Give h(32).
202
Let r(q) = -q**2 + 132*q + 2723. Determine r(-20).
-317
Let v(w) = -255*w**3 + 16316*w**2 + 255*w + 85. Calculate v(64).
21
Let a(z) = -3*z**3 + 218*z**2 - 1035*z + 3. Determine a(5).
-97
Let g(q) = 11*q**2 + 129*q + 2359. Determine g(-14).
2709
Let l(r) = -r**3 + 299*r**2 - 631*r + 61. Determine l(2).
-13
Let w(f) = -4081*f - 57149. Give w(-14).
-15
Let c(t) = 2*t**2 + 89*t - 8103. Calculate c(-90).
87
Let j(q) = -q**2 + 20528*q - 4286895. Determine j(211).
-8
Let q(k) = -55*k - 1169. Determine q(-34).
701
Let x(l) = -5*l**3 - 39*l**2 - 72*l - 105. Give x(-6).
3
Let c(m) = -3*m**2 + 110*m + 23658. Determine c(-72).
186
Let u(v) = -3*v**2 + 1528*v - 8074. Determine u(504).
-10
Let i(x) = -4*x**2 - 367*x - 6081. Give i(-70).
9
Let x(j) = -2502*j + 262902. Give x(105).
192
Let y(h) = 2308*h**2 - 42*h - 37. Give y(-1).
2313
Let i(m) = -1453*m + 63860. Determine i(44).
-72
Let s(g) = -389*g - 40846. Calculate s(-105).
-1
Let y(o) = -3*o**3 + 2*o**2 + 38*o - 34. Calculate y(-3).
-49
Let k(c) = 766*c - 147826. What is k(193)?
12
Let r(v) = 3*v**2 + 132*v + 137. What is r(-33)?
-952
Let w(l) = -20*l**2 + 2122*l - 10587. Determine w(5).
-477
Let l(s) = 23*s**2 + 2134*s - 309. Calculate l(-95).
4536
Let o(c) = -5*c**3 + 84*c**2 + 178*c - 3917. What is o(16)?
-45
Let a(k) = 22403*k - 89998. What is a(4)?
-386
Let n(o) = o**3 - 708*o**2 + 32893*o + 432. Calculate n(50).
82
Let f(u) = 1045*u - 14747. Calculate f(14).
-117
Let q(a) = -a**3 + 7*a**2 - 16*a + 27. Calculate q(15).
-2013
Let d(i) = 596*i + 71023. Calculate d(-119).
99
Let k(a) = 1979*a**2 + 21982*a + 2352. What is k(-11)?
9
Let m(c) = -26*c**2 + 147*c - 80. Determine m(5).
5
Let 